 + -8 - (2 - 0))
17
Evaluate -12 - 0 - (-6 + 8 - (11 - (19 - 10))).
-12
What is the value of (3 - 6) + -21 + 3 + 9 - (-104 + 19)?
73
What is -9 + 28 + (19 - -9) + -54?
-7
What is the value of 6 + (-6 - -4) - (25 - 0)?
-21
What is the value of 28 + (-13 - 77) + 72?
10
What is the value of 50 + 11 + -80 + -4?
-23
Evaluate -6 + -27 + (31 - -7) - (4 + -2).
3
Calculate (0 - (0 + -11)) + -10 - (1 - (11 + -6)).
5
What is (-4 - -4) + (-15 - -13 - (-6 + 2 - 8))?
10
Calculate -28 - 7 - (-91 - -120).
-64
What is the value of 61 + (17 - (22 - -66))?
-10
What is the value of (11 - 13 - -14) + -34 - (-178 - -46)?
110
Evaluate (0 - -1 - 1 - -10) + (104 - (184 - 61)).
-9
What is the value of -1 + -14 + (-507 - -511) + -44 - 9?
-64
Evaluate -14479 - -14561 - ((2 - 1) + 34).
47
What is -11 - 120 - (15 + -23 + 16 + -2 + -12)?
-125
Evaluate (0 - 13) + -41 + 12 + -14 - -4.
-52
Calculate (-221 - -151) + (54 - 13) - (-3 - 0).
-26
-452 - -445 - (3 + 21)
-31
Calculate 31 + (-24 - (7 + -24 + 3)).
21
Evaluate 46 - 10 - 10 - (277 - 200).
-51
What is -1 + -32 - (20 - (-27 + 17 + 18))?
-45
What is 17 + -21 + -2 + 12 + (3 - -9)?
18
What is 42 - 89 - 14 - -27?
-34
Calculate (22 - (-79 + 58)) + -55.
-12
Calculate -15 - (11 + (-11 + 0 - 5) + -2).
-8
What is 18 + (-19 + 43 + -12 - 21)?
9
What is the value of 8 - (131 + -129) - (-75 - 4)?
85
Calculate 28 - (4 + -2 + 6 - -24).
-4
Calculate -29 + (28 - -22 - (-1 + 25)).
-3
What is (467 - 365) + -6 + -86?
10
Calculate (8 - 59) + 392 + -370.
-29
Evaluate 440 - 475 - (-1 - 35).
1
(2 - 1) + 37 + 31 + 21 + -30
60
What is the value of 212 - 286 - (-52 + 44 - (-3 - (-2 + 0)))?
-67
Evaluate -10 + 146 - (-386 - -481).
41
(54 + -90 - (-1 - 16) - -89) + 1 + -2
69
What is 2 - (56 - (-7 - -37))?
-24
Evaluate 27 + 25 + (-1 - 17) + -1 + -3.
30
What is 29 - (-46 + 87 + -12)?
0
What is (0 - -2) + -60 + 3 + (35 - 0 - 28)?
-48
What is the value of (-26 + 37 - -15 - 0) + -13?
13
Calculate 10 + -1 - (135 - (24 - -44)).
-58
What is the value of -17 - (46 + 74 - 81)?
-56
-4 + (-70 + 74 - (6 + -52))
46
Calculate (-198 - -243) + -3 + -2 + 4 + 0 + 5.
49
Calculate 8 + (-5 - 17) + (-12 + -3 - (-26 - -19)).
-22
Calculate 11 - (-6 + (-13 - -35)) - -74.
69
Calculate 0 - 55 - ((2 - 2 - -8) + (-30 - -13)).
-46
Calculate (-11 - (-41 + (9 - 0))) + -30.
-9
(21 + -39 - 16) + 32
-2
Evaluate -8 - (-4 + 2 + 0) - (-152 - -143) - -33.
36
(-87 - (57 - 126)) + 39
21
What is 9 + -2 - (92 - 80) - -25?
20
What is the value of (0 + 8 - -9) + 19 + -1 + -52?
-17
(2 + -2 + (-31 - -39) - 9) + -8 + 19
10
What is the value of ((-151 - -133) + -2 + -11 - -14) + -47?
-64
What is 0 + 1 + 1461 + -1468 + 126?
120
Calculate -101 + 2 - (582 + -596).
-85
What is -4 + (30 + -13 - (9 + 2)) + 11?
13
Calculate -2 + (-6 - ((7 - -3) + -17)) - (43 - 0).
-44
-38 - -4 - (-24 + 41 - 8)
-43
Evaluate -9 + 1 - (-30 + (-115 - -17) - -66).
54
Evaluate (13 - 11) + (13 - -1) + -276 + 379 - -9.
128
What is the value of (2737 + -2637 - (0 + 0 - 2 - 6)) + 8?
116
Calculate 4 + (-6 - 48) + 19.
-31
What is the value of -23 + -37 + 69 + 42?
51
Evaluate 28 + -453 + 460 + -10 + (3 + -5 - -3).
26
What is 22 + -17 + 7 + (2 - (5 - 31))?
40
What is (59 + -12 + -8 - 21) + -23?
-5
Evaluate (16 - 28) + (0 - (-26 - -15)) - -4.
3
What is 34 + 9 + -3 + 14 + (-17 - 8)?
29
What is the value of (-15 - (-16 + 10 + (1 - -1))) + 9 + -14?
-16
What is the value of 6 + 4 - (-14 - (-26 + 6 - 3))?
1
Calculate (-20 - (56 + -31)) + 40.
-5
What is (-43 - -24) + 70 + 1 + 21?
73
What is the value of (4 - (2 + 1 + 4)) + (-99 - -84)?
-18
Calculate 0 + 20 + 10 + (-124 + -13 - -8).
-99
26 + -1 + 0 + 10 + -4
31
What is the value of 6 - (-91 - -7) - (11 + -17 + 3 + 8)?
85
44 + -151 - 47 - -114
-40
-11 + 101 + 4 - (503 + -461)
52
Evaluate 5 - 22 - (604 + -653).
32
What is (678 - 671) + 80 + 2?
89
Evaluate -4 - (-35 - (-15 - (12 - 8))).
12
Calculate -25 + 90 + -18 - (12 + 6).
29
Evaluate -1049 + 1009 - (1 + -14).
-27
Evaluate (-534 + 523 - (-1 - -6)) + 14 - -89.
87
What is the value of -41 - (-83 - -49 - 20)?
13
What is the value of -84 + (11 - -21 - 14 - (22 + 0))?
-88
What is (1 - 16 - -13 - (-84 - -8)) + -16?
58
Calculate 24 + (-1 - -53) + -45 + (-8 - -3).
26
What is the value of -3 + 0 + 50 + -40 + 76?
83
What is the value of 29 - ((-51 - -35) + -9 + -70)?
124
What is the value of -72 + (-57 - (-67 + -120))?
58
Calculate 21 + -12 + -11 - (362 - 282).
-82
Evaluate -4 - ((-19 - -4 - -7) + 95) - -22.
-69
What is the value of -48 + (-1 - (38 - 22 - (-3 - -15)) - -14)?
-39
What is -1 - ((4 - -10) + 20) - (-3 + -4 + 0)?
-28
What is -11 - (107 + -81) - 74?
-111
What is 44 + 2 + -6 - (-297 + 413)?
-76
(-14 + -20 + -1 - -47) + -62
-50
Calculate -9 + 19 - (-1 + -56) - (15 + 3 - 7).
56
-3 + (66 - 109) + -21 + 0 + 8
-59
What is 110 + -201 + 229 + -15?
123
Evaluate 29 - -2 - (-1313 - -1343).
1
What is the value of 26 + (9 - (26 - 2)) + (-79 - (-2 - 1))?
-65
68 - 61 - (149 - 111)
-31
What is (-261 - (-133 + -139)) + (-20 - 0)?
-9
Evaluate -322 + 331 + (5 - (-1 + -27)) - -18.
60
(-7 - (2 - 0)) + 19915 + -19891
15
Evaluate 2 + 7 + (554 - 589).
-26
What is the value of 2 + (-48 - -14 - -101)?
69
What is -12 - (-157 - -154 - ((1 - (-6 - -11)) + -91))?
-104
10 + -26 + (13 + -3 - 30 - -14) - 15
-37
Evaluate (-27 - -28 - -49) + 22 + -2 - 12.
58
2 + -30 + -78 + (17 - -53)
-36
What is (-2998 - -2888) + (87 - -3)?
-20
Evaluate -8 - (-16 + 0 + (-12 + 1 - -17)).
2
What is -112 + 1 + (10 - -7) - (11 - -6)?
-111
What is the value of (48 - (-56 - -49)) + -54?
1
What is 12 - ((-3 - -1) + 102 + -2048 + 2039)?
-79
What is 30 - ((-26 - -15) + 34) - (53 + (3 - 2))?
-47
Evaluate (0 + 52 + -47 - (38 - 1)) + (0 - 7).
-39
-786 + 730 + 5 + 55
4
What is the value of -21 - 6 - 3 - (30 + -13 + -35)?
-12
What is the value of -122 - (70 + -30 - 87 - -41)?
-116
Evaluate (233 - 177) + (-3 - 11).
42
What is the value of (-17 - (50 - (0 + -24 + 6))) + (-1 - -12)?
-74
What is -11 - (-6 - 2) - (0 - 17 - (-166 + 174))?
22
(-2 - -12) + (-25 - -7 - -33 - -10)
35
-1114 + 1104 - (0 - 0) - (1 - 1)
-10
(-80 - 113) + 163 + -28 + 0
-58
What is the value of -19 - ((-9 - (-12 - -12)) + 7 - 22)?
5
-4 + (-1 - (2 + -7 - 0)) + (3 - 11)
-8
What is the value of -67 + 44 + (20 - 18)?
-21
Evaluate -62 - (-30 - 10) - (1 - -35).
-58
-29 + -4 + -2 + 10 + (-19 - 1)
-45
Evaluate 2 + (12 - 10 - -4) - (19 + -11).
0
What is (-66 + 56 - (-11 - -1)) + -12 + -13?
-25
What is -5 + -3 + (0 - (7 - 9)) + -60?
-66
Evaluate 118 + -160 - -26 - -32.
16
What is the value of (-5 - 39) + (-137 - -167)?
-14
-20 + 2 + 13 + (27 - -18)
40
What is the value of (1 + -3 - (23 + -30)) + (5 - 61)?
-51
What is the value of 714 + -725 + (-4 + -22 - -3 - -4)?
-30
What is 59 - ((-14 - -161) + -67)?
-21
Calculate -75 + 10 + -14 + 50.
-29
Calculate (105 - (86 - 37)) + -73.
-17
Calculate -4 + 2 + -85 - (8 - -4).
-99
95 - (48 + (-2 - -150))
-101
What is the value of (-1 - -6) + -48 + -10 + -3 + 12 + 3?
-41
What is 10 - (-3 + 2) - (-10 + 2 - (-50 + 104))?
73
Calculate -10 - (-36 + -1 + (84 - 69) - 12).
24
What is -174 + 65 - (-10 + -82)?
-17
Evaluate (7 - 27) + -41 + 21 + -19.
-59
What is -5 + 0 + (-5 - (-9 - 11)) - (37 + 39)?
-66
What is the value of -51 + (-7 + -49 - -175)?
68
What is 3 + 18 + -30 - ((-3 - 38) + 2)?
30
(-25 - (-34 - (-9 + -3))) + 29 + 0 + -3
23
What is 36 + -136 + (-2 - -19 - 10 - (1 + -2))?
-92
Evaluate (-6 - 4 - -5 - 1) + (-18 - (-15 - -63)).
-72
What is the value of 60 - (36 - 39 - (14 - 38))?
39
What is the value of 57 + 4 + -14 + 44 + -11?
80
What is 622 - 612 - (-13 - (4 + -6))?
21
What is the value of 58 + -118 + 55 + -1?
-6
Calculate -492 + 427 + (-12 - -50).
-27
What is the value of -180 + (-34 - -216) - (-84 + 0 - -1)?
85
What is -26 + 114 + -45 + -4?
39
Evaluate 0 + 111 - (-27 - (-105 + 55 - (-22 - -4))).
106
Calculate 257 + -225 + (-74 - -2).
-40
What is the value of 12 + 2 - (-27 + (57 - -74))?
-90
Evaluate -37 - (-119 - (-7 - (34 + -20))).
61
Calculate 72 - (-17 + 24 - (12 + -2 - (0 - -9))).
66
Evaluate 29 + -72 + (-57 - -38).
-62
What is -1 + 0 - 81 - (23467 + -23468)?
-81
What is the value of 3 - (-7 + 5 + -2 - (9 - 13))?
3
Evaluate 1 + (-23 - -46) + -70.
-46
-6 - (29 - (1 - 20 - (-76 + 75)))
-53
18 + -5 + (16 - (-1 + (2 - -19))) - 37
-28
Calculate 23 + 50 + -66 + (-1 - 18).
-12
What is the value of (59 + -135 - 9